- (-49 + 57 - ((-1 - -3) + 7 - 6))?
72
Calculate (8 - -12 - 9 - 34) + 1.
-22
What is the value of 37 - ((5 - (13 - (6 + -4))) + (71 - 58))?
30
Evaluate 8 + -111 + (18 - -38).
-47
(0 + 5 - (-11 + 3 - -6)) + 78 + -97
-12
What is -124 - -316 - 164 - (1 - 23)?
50
Evaluate 14 + (7 - (-8 + 20 + 22)).
-13
Evaluate -1 - 22 - ((43 - 81) + 45).
-30
What is the value of -12 - (36 + (-38 - (12 - 69)))?
-67
What is -5 + (132 + 20 - 17) - 14?
116
Calculate -105 + 106 + (2 - (4 - -1)) + -28.
-30
What is (9 - 5) + -9 + 446 + -377?
64
Calculate -22 + (7 - -13) + -2 - -17.
13
What is the value of 7 + (10 - (-17 - (41 + 6)))?
81
Calculate -42 + -34 - (-10 + (-14 - -11) + 33).
-96
-13 - 21 - 18 - -112
60
What is (10 - -3) + -8 + 38 + -16 + 11?
38
Calculate (417 - 435) + 0 + -1 + 19 + (-4 - -2).
-2
Calculate -22 + (-45 - -18) + 80 + 75.
106
What is the value of 10 - (-1 - (-4 - (-10 + (19 - 18))))?
16
Calculate (-45 - 18) + (9 - 3) - (-2 + -18).
-37
Evaluate (-6 - -1 - (3 - 0)) + 10 - -41 - -3.
46
What is -41 + 85 + -11 + -5?
28
What is (-18 - 0) + -59 - (-16 - (-2 - -9))?
-54
Calculate -125 + (181 - (-227 - -130)).
153
What is the value of (-17 - (-63 + 3 - -44)) + -2?
-3
Calculate (-22 - (24 + -7)) + 40.
1
Evaluate (-1 - -24) + (16 - 16) + -90 + 99.
32
What is 7 + -1 - (-48 + 3 + 130 + -69)?
-10
Evaluate 61 + (-17 - (-19 - -2)) + -15.
46
What is (-15 - (2 + -3)) + (-11 + -127 - -118)?
-34
What is the value of 2 + 4 - (12 - (3 + (-10 - -2) + 1))?
-10
What is 69 + -96 + (-121 - -114)?
-34
What is 57 - 0 - (-2054 - -2082) - 121?
-92
Calculate (-3 - 115) + 3 - (-9 + 69 + -71).
-104
(-38 - -13) + 44 + -54
-35
-47 + -67 + 140 + -1 + -40
-15
(-120 - (-29 - 22)) + 5 + 1
-63
Evaluate -27 + 24 - (7 + -21) - (2 - 20).
29
What is the value of (-6 - (14 + -11) - 1) + -20?
-30
What is (21 - 27) + 0 - (34 + 0)?
-40
Calculate 15 - ((10 - 0) + -43 + 20) - -8.
36
What is the value of -21 - (-22 + -15 - -11) - (-86 - (2 - -1))?
94
(14 - 19) + 1 + -2 + 22 - -13
29
Calculate -207 - (-100 + -11 + -15).
-81
(50 + -66 - -47) + 103 - 8
126
Calculate (14 - (3 - 0)) + (-34 - (-15 + 9)).
-17
What is -2 + -2 - (32 + -52 + 10) - (3 - -97)?
-94
What is (48 - (-38 - -81)) + (3 - (-2 - -4))?
6
What is the value of -27 + 28 - (-1 + 4)?
-2
Calculate -11 - (-19 + (29 - -10)) - -73.
42
What is -19 + (-23 - -12 - -59)?
29
-11 + -1 + 2 + (-2 - -22) + 38
48
What is 11 + (-9 - -9) - (14 - 11 - -25)?
-17
Calculate -19 + 4 + (34 - (23 + -57)).
53
What is (7 - -42) + (12 - 0) - (-3 - 2)?
66
What is the value of (-15 - 1) + (-157 - -153)?
-20
What is 15 - (19 + -5 + -5) - (29 + 79)?
-102
What is the value of -40 + 21 - (-73 + 73) - 17?
-36
-5 - -1 - -13 - (1 + 17 + -75 + 62)
4
Evaluate 24882 - 24909 - (-9 + 2 + (-1 - 0)).
-19
What is -6 - ((9 - (0 - -4) - 17) + 13) - 96?
-103
(-53 - -65) + (0 - 9) + 16 + -13
6
What is -1 + 239 + -240 + 2 + (0 - 68)?
-68
What is 1 - 0 - (4 - 14) - (-4335 - -4313)?
33
Evaluate (15 + -73 - -53) + -17.
-22
3 + (-78 - -50 - -105) + -39
41
Evaluate -6 + (-11 - (0 + -2)) + 32 + 34.
51
((-2 - (-13 + 7)) + -5 - -9) + -4
4
131 - -4 - (20 + (-10 - -22))
103
Calculate -13 - ((-13 - -17 - 3) + -85 + -6).
77
Calculate -6 + -1 + (3 - (14 + -9 + 4)).
-13
Evaluate (7 - 0) + (-23 - (-41 - (-24 + -3))).
-2
Calculate (0 - -1) + (311 + -57 - 172).
83
What is 10 + (-22 - (28 + -33 + -19))?
12
Evaluate -15 + 23 + -111 - (-16 + 39).
-126
Evaluate -1041 + 1025 + (-1 - (-1 - 18)).
2
Evaluate 15 - -9 - (29 + -18 + 95).
-82
Calculate -7 - (-5 + 11 + -10 - 27 - -15).
9
What is the value of -85 + -56 + 266 + -24?
101
What is -2455 + 2399 - (-13 - 0)?
-43
What is the value of 4 + 28 + -33 + (7 - 11) + (-1 - -41)?
35
(25 - 18 - -31) + (-5 - 123)
-90
What is the value of -98 - (130 - 70) - -73?
-85
-27 + (-3 - -4) + (-4268 - -4266)
-28
What is 16 - -1 - (19 + -102 - -50 - -13)?
37
What is 2 + -56 - (-103 - (-91 - 20))?
-62
82 + (17 - (-30 - -46 - -20))
63
203 + -199 + 5 + (0 - 36 - (-42 - -44))
-29
What is 241 - (127 + 67) - (-1 + 8)?
40
1 + -52 - (-254 - -264)
-61
26 + 45 + 59 + -34 - (1 + 18)
77
What is the value of -42 - (171 - 283 - (2 - -12))?
84
What is the value of 680 + -567 + -18 + -222?
-127
43 + -5 + (-22 + (40 - 8) - -12)
60
Calculate -6 - (6 + (-5 - 8) + 1 + -25).
25
(-1 - -82) + (591 - 569) - 17
86
-7 - (-16 + -15 + -37 + 75)
-14
What is 107 - (8 + -3) - (17 - (7 + -9))?
83
What is (-2 - -14) + 4 + -28 + (-10 - 0)?
-22
What is 82 + 21 + 5 + -7 + 1 - (-2 + 3)?
101
Calculate -10 + 2 + 10 + -4 - (87 - 10).
-79
What is the value of -28 + (10 + 11 + -10 - 23) + 25?
-15
What is ((-4 - -19) + -12 - (-11 + 0)) + -5?
9
What is the value of -26 - (-132 + 37 - -28 - 41)?
82
Evaluate (114 + -12 - 190) + 67.
-21
Calculate 3 + -60 + (2 - 0 - -20).
-35
98 + 2 - (176 + -117)
41
1 - -5 - (47 + -18 - 35)
12
Evaluate (2 - -19 - (-27 + 31)) + -8.
9
1 + 0 + 58 + -69 + -23
-33
Calculate 7 - (-33 - -86) - -13.
-33
Evaluate (0 + -14 + 26 - 31) + 61.
42
Calculate -4 + -5 + (65 + -55 - (-5 - -1)).
5
-792 + 710 - (-5 + (-39 - -6))
-44
28 - (-3 - (-9 + -6)) - -12
28
Evaluate 2 - (-9 + (4 - 12) - -6).
13
What is the value of 20 + -10 - 17 - ((-7 - (-5 - -3)) + 62)?
-64
Evaluate 6 + -14 - (1 + 4) - (-8 - 24).
19
Calculate -223 + -2 + (-11996 - -12119).
-102
Evaluate (1 - -85) + (0 - (16 + 4)) + (141 - 125).
82
Calculate 1 - 16 - ((-2 + -21 - -58) + -22).
-28
Evaluate -7 - 10 - (11 + (-9 + -9 + -6 - -15)).
-19
What is 15 + ((0 - -6) + -5 - 15) + (-5 - 1)?
-5
Calculate (1 - -6 - 10) + 13 + (-7 - 14).
-11
What is the value of -40 + 106 - (9 - -9)?
48
What is the value of -17 + -17 + (-20 - (-21 - 9)) - 5?
-29
What is the value of 40 - (-27 - (-1 - (-5 + -39)))?
110
What is (-8 - (-33 + -3 + 0 + 11 + -16)) + -4?
29
What is 41 + -52 - 40 - -53?
2
(36 - (52 + -10)) + -43
-49
Evaluate -18 + 7 - (11 + -4 + 0 + -54).
36
-20 + 12 + (-7 - -25 - 39)
-29
Calculate -7 + 2 - (-173 + 215).
-47
-9 + -1 - ((-19 - 52) + 11 + (7 - 12))
55
Evaluate -143 - (31 - 102) - -42.
-30
What is the value of -111 - -154 - (26 - 19 - -76)?
-40
Calculate 34 + (-26 - 32) - -54 - 66.
-36
52 - (-1 - (7 - (7 + (-9 - 0)) - 0))
62
Calculate 5 + (7 - (4 - -17)) - 30.
-39
What is ((-40 - -11) + 7 + -1 - -38) + -4?
11
What is (2 - -33) + (-5 + 23 - 6 - 18)?
29
-1465 - -1540 - (-11 + 218)
-132
Calculate 38 - 2 - (-27 - -36) - (-13 + 1).
39
-26 - 30 - -67 - (-3 + 4 - 32)
42
Evaluate -8 - (11 + (-18 - 12) + 7 - -6).
-2
What is the value of (-2 - (3 - -1)) + 10 + -8 + 12 + -145?
-137
Evaluate (8 - 0 - (66 + -58)) + -11 + (-7 - -4).
-14
54 + -67 + (0 - 1) + (-17 - 18 - 27)
-76
What is (-11 - (-44 - -14)) + -24 + (-77 - -11)?
-71
What is (6 + -3 - -14) + -993 + 979?
3
What is (3 - -22) + (32 - -30 - 108)?
-21
81 + -30 + -27 + 30
54
Evaluate -3 + 1 - (1 - 7 - (613 + -609) - -8).
0
Calculate (-38 - ((-20 - -5) + 17)) + (0 - (-2 - 0)).
-38
-33 + (-3 + -31 - (-174 - -31))
76
What is 131 + (-33 - -64 - 129)?
33
What is 9 - (-3 + 46) - (1 + 4) - (-168 - -181)?
-52
Evaluate 1954 - 2015 - (1 - 34) - 21.
-49
(1 - -14) + 1620 + -1767 + 0 + 6 - 13
-139
Calculate -3 - -13 - (122 + -203 + 86).
5
What is -1 + 11 + 57 + -78 - -43?
32
-55 + 9 - -89 - (3 - (0 - 2))
38
What is (19 - (-33 - -187)) + (-14 - -32)?
-117
Calculate 47 + (-43 - -46 - (8 + -1) - (-1 + 3)).
41
15 + -11 + 6 + (10 - -8 - -10) + 11
49
What is the value of 415 + -394 - (0 + 4) - 18?
-1
What is -2 + 0 + -7 - (-136 - -136)?
-9
11 - ((-3 - 3) + (39 - 22) + -28)
28
Evaluate -59 + (3 + -1 + 9 - (-117 + 132)).
-63
(-82 - (-36 - -6)) + 80
28
What is (-5 - 10) + (0 - (-5 + 3)) - -1?
-12
Evaluate -27 + 47 + -12 - (4 + 0 - (3 - 102)).
-95
Evaluate -12 - -11 - (18 - (-2 - 2)).
-23
Evaluate (-21 + (-6 - -11) - (4 - 21)) + 31.
32
-25 + -8 + (-4 - (-9 + 4)) - (-111 + 98)
-19
What is the value of 19 + 8 + (24 - 39)?
12
What is 1 - 14 - 3 - (-1083 + 1079)?
-12
What is the value of (-2 - -6) + (-155 - -139) + -89 + -1 + 12?
-90
Evaluate (12 - (22 - 28) - 27) + -25.
-34
Evaluate 93 - (-12 - (-31 - 80)).
-6
What is the value of 42 + (-92 + 21 - -31) + 9?
11
Calculate (-140 - -138) + (-4 - (1 + -37)) + 8.
38
Calculate (-20 + (13 - (20 + -41)) - 12) + -10.
-8
What is 21 - (4 - 0 - (-380 - -318))?
-45
What is ((-13 - -52) + -15 - 36) + 3 + -46?
-55
Evaluate 86 - (160 - (-15 - -18)).
-71
Calculate (-1 + 14 - 0 - (891 - 880)) + -4 - -